. Suppose -3*p + 12 = -0*p, -p = -3*u + f. List the prime factors of u.
2, 3, 41
Let p = -321 - -320. What are the prime factors of 303/(-3 + (3 - p))?
3, 101
Let m = -8561 - -9645. What are the prime factors of m?
2, 271
Let f be 36/(-84) + 2082/7. Suppose 0 = -9*p + f + 45. List the prime factors of p.
2, 19
Let l = 7359 - -2055. What are the prime factors of l?
2, 3, 523
Let x(c) = 3*c**2 + 3*c + 27. Let o be x(-14). Suppose 7*q - o = 4*q. Suppose 6*k - 391 = q. What are the prime factors of k?
97
Let b(j) = -j**3 + 2*j**2 - 2*j - 5. Let f be b(-6). Suppose -346 = 191*u - 189*u. Let t = u + f. What are the prime factors of t?
2, 61
Suppose -41*q - 67 = 753. Let n(v) = v**2 - 6*v + 40. What are the prime factors of n(q)?
2, 5, 7
Let r = -100987 - -144188. List the prime factors of r.
43201
Suppose 0 = 57*g - 128*g + 305158. List the prime factors of g.
2, 7, 307
List the prime factors of -3*(0 - (-50931)/(-27)).
5659
Let y = 126228 + -74612. What are the prime factors of y?
2, 1613
Suppose 2*s + 30*j - 35*j = 5384, -13394 = -5*s - 4*j. List the prime factors of s.
2, 3, 149
Suppose 0 = -9*d + 384 + 165. Suppose d*k + 2208 = 69*k. List the prime factors of k.
2, 3, 23
Suppose -5*g + 10*k - 565 = 7*k, 0 = 3*g + 5*k + 373. Let m = g - -193. List the prime factors of m.
7, 11
Let v(a) = -4*a**2 + 54*a - 14. Let c be v(13). Suppose 3920 = c*f - 7*f. What are the prime factors of f?
2, 7
Let v = 3 + 4. Suppose v*u - 2*u = 10. Suppose -u*x + 3*r - 2*r = -23, 62 = 5*x - 4*r. What are the prime factors of x?
2, 5
Suppose -5*x - x = -11*x + 46845. List the prime factors of x.
3, 347
Let f = 7599 + -171. What are the prime factors of f?
2, 3, 619
Let c be (-3)/12*3 - (-42381)/(-36). List the prime factors of (2 - (-6 + c))*1/2.
593
Let d(y) = -y**2 + 25*y + 13. Let b be d(14). Suppose 0 = 2*l + 67 - b. Let s = l - -138. List the prime factors of s.
2, 47
Let r = -12 - -10. Let w(f) = 44*f**2 + 2*f - 4. Let g(x) = -x + 2. Let u(k) = 4*g(k) + w(k). List the prime factors of u(r).
2, 23
Let b(g) = 4*g**3 + 4*g**2 - 2*g + 33. Let k be b(6). Suppose -4*d - m + k + 395 = 0, 3*d + 2*m - 1073 = 0. List the prime factors of d.
5, 71
Let a be (2 - 4 - -2)/5. Suppose -3*t + 1716 = 4*k, 3*t + 0*k + k - 1716 = a. What are the prime factors of t?
2, 11, 13
Let w(n) = n**3 + 15*n**2 - 25*n + 1. Let i = 428 - 444. What are the prime factors of w(i)?
5, 29
List the prime factors of (-1)/(4/(-30))*(27 - (-4558 - -7)).
3, 5, 7, 109
Let b(u) = u**3 + 11*u**2 - 12*u + 3. Let v be b(-10). Suppose 0 = 2*w - s - 4, 2*s = -w - 4*w - 8. Suppose -4*g + v + 469 = w. What are the prime factors of g?
173
Let z be (-1 - (2 - (9 - 4)))*2. Let w be 1 + (0 - -4)/z. Suppose 0*b = -w*b + 284. What are the prime factors of b?
2, 71
Suppose 4*q - 4*y = 7*q, -4*y = 2*q. Suppose q = -3*m - 5*u + 1788, 2*m - 1055 = -2*u + 137. List the prime factors of m.
2, 149
Suppose -3*r + 20*x - 15*x = -4, -3*r = 5*x - 14. List the prime factors of ((-12)/30)/(59452/19820 - r).
991
Let k = 17069 + -12163. What are the prime factors of k?
2, 11, 223
Suppose 8*y = 5*k + 12*y - 79664, 2*y = 2*k - 31880. What are the prime factors of k?
2, 3, 83
Suppose 5*b = -4*r + 1605, 105*r - 102*r = -2*b + 642. List the prime factors of b.
3, 107
Let i = -8661 - -10854. What are the prime factors of i?
3, 17, 43
Let s(v) = v**3 - 25*v**2 - 2*v + 56. Let a be s(25). Suppose -167 = a*b - 3695. List the prime factors of b.
2, 3, 7
Suppose 5*t = -2*n + 65887, -t - 90*n = -94*n - 13173. List the prime factors of t.
13177
List the prime factors of ((-21022)/(-12))/(7/70) + 6/9.
17519
Let b(q) = -5*q**3 + 14*q**2 + 41*q + 30. List the prime factors of b(-6).
2, 3, 19
Let u(o) = -703*o + 186. List the prime factors of u(-22).
2, 7, 13, 43
Suppose 0 = g - y - 8142, -12*g + 8*g + 3*y = -32567. What are the prime factors of g?
7, 1163
Suppose 6*l - l + 25 = 5*q, 0 = -2*q - 4*l - 8. Suppose 0 = 5*k + 25, y + 26 = q*y + 4*k. Suppose y = -7*t + 1096. What are the prime factors of t?
2, 3, 5
Let h = 1698 + -2570. Let f(q) = -3*q**2 - 4*q - 1. Let c be f(-2). What are the prime factors of (c/(-20))/((-2)/h)?
109
Let o = 33 + -41. Let x be 310/2 - (-4 - o). Suppose -3*p - x = -424. List the prime factors of p.
7, 13
Let z = -94 + 49. Let n = z + 33. Let w(m) = m**3 + 12*m**2 - 8*m - 6. List the prime factors of w(n).
2, 3, 5
Let t be (24/(-7))/((-11)/385). Let j = -113 + t. Suppose 16*q = j*q + 2025. List the prime factors of q.
3, 5
Suppose 9 = -56*s + 59*s. Let w be (s - 28/4)*86/(-8). Let k = w - 31. List the prime factors of k.
2, 3
Let k(v) = v + 9. Let u be k(-8). Let p be 1 + (u + 4 - 3). Suppose 2*q = o - 311, -2*q + 3*q + p = 0. What are the prime factors of o?
5, 61
Let x(c) = -43*c + 17. Let p(z) = -z**2 + 19*z + 43. Let h be p(21). Suppose -w = -b - h, 3*b - 2*w = -5*w - 15. List the prime factors of x(b).
2, 73
Let f(z) = z**3 - 9*z**2 + 7*z + 12. Let a be f(8). What are the prime factors of (-4)/(a*4/(-60))?
3, 5
Suppose 4*o + 63 + 49 = 0. Let g = o - -477. List the prime factors of g.
449
Let c(l) = l**2 - 68*l + 282. What are the prime factors of c(-33)?
3, 5, 241
Suppose 0 = 2*i - 8, -2*i = -3*h + i - 48. Let o be -5*-4*9/h. What are the prime factors of (-2)/(o/7 + 2)?
2, 7
Let f(p) = -40*p + 104. Let d be f(24). Let r = d - -1669. List the prime factors of r.
3, 271
Let n(m) = -2*m**3 - 49*m**2 + 29*m - 62. Let a = -232 - -206. What are the prime factors of n(a)?
2, 3, 101
Let p(c) = 4*c**2 + 184*c - 1133. What are the prime factors of p(-118)?
7, 13, 19
Let s(p) = -4*p + 5*p**2 - 88 + 47 + 41 + 9*p**3. Let j(b) = 8*b**3 + 5*b**2 - 5*b + 1. Let y(q) = 6*j(q) - 5*s(q). What are the prime factors of y(4)?
2, 7, 17
Let r be -14*1/2*1. What are the prime factors of ((-332)/(-5))/(((-42)/15)/r)?
2, 83
What are the prime factors of 9 - ((-90352)/24)/(22/99)?
2, 3, 5, 113
Let i = 16592 + -8474. List the prime factors of i.
2, 3, 11, 41
List the prime factors of (-1587)/69 + (-3163)/(-1).
2, 5, 157
Let a(y) = y**3 + 17*y**2 + 12*y - 87. What are the prime factors of a(-9)?
3, 151
Suppose 0 = -3*u - 2488 + 12346. What are the prime factors of u?
2, 31, 53
Let q be 459/102*8/18. Let o be 543/2 - 1/(-2). Suppose 2*c - o = -3*d, d = -q*d. List the prime factors of c.
2, 17
Let k = 364 - 338. Suppose -10560 = k*i - 32*i. What are the prime factors of i?
2, 5, 11
Let d(g) = g**3 + 99*g**2 + 1866*g - 14. List the prime factors of d(-62).
2, 89, 149
Let i be (0 - (11 - 7)) + -4 + -1. Suppose 5*w + 12 = -h - 10, w = -2*h + 1. List the prime factors of 59 + 2 - i/h.
2
What are the prime factors of 45761 - ((-5750)/23)/(-10)?
2, 5717
Let l(m) be the second derivative of 22*m**3 - 204*m**2 + 116*m. List the prime factors of l(16).
2, 3, 71
Suppose 0*d = 8*d - 2584. Suppose -5*z = -0*q + 3*q - d, 0 = -q + 1. Let l = z - 53. What are the prime factors of l?
11
List the prime factors of 6361 - (-3 + -2 - (38 + -36)).
2, 199
Let o = 18175 + -5916. What are the prime factors of o?
13, 23, 41
Let o(z) = 52*z + 82. Let q be o(-5). Let d be (200/(-6))/((-6)/54). Let a = q + d. What are the prime factors of a?
2, 61
Let u(y) = -12*y + 113. Let a = -98 + 93. List the prime factors of u(a).
173
Suppose -3*c = 0, -c - 15006 = -5*d + 17024. List the prime factors of d.
2, 3203
Suppose 5*y = -3*k - 1024, k + 332 = -3*y - 280. Let o(s) = -376*s**3 - 7*s**2 - 4*s + 1. Let d be o(-1). Let g = y + d. List the prime factors of g.
3, 19
Suppose 2*o = -2*b - 16 + 962, -3*o + 2*b = -1394. Let d = o + 45. What are the prime factors of d?
3, 19
Suppose -y + 49 = -83. Let a = y - 125. Suppose 1212 = 5*n + a*n. What are the prime factors of n?
101
Suppose -3*w - 4*u = 246 - 6100, 0 = -4*u + 4. List the prime factors of w.
2, 3, 5, 13
Suppose -a - 2*w - 9 = -30, -5*a + 5*w + 45 = 0. Suppose 0 = 6*q - a*q + 1092. What are the prime factors of (4/10)/(-2) + q/5?
31
Let r = -240 + 494. Let c = -139 + r. List the prime factors of c.
5, 23
Suppose -3*m - 3 = 0, l + 2*m - 5*m = 357. Let j = l + 40. List the prime factors of j.
2, 197
Let v(o) = -o - 30. Let y be v(-30). Suppose -6*p + l = -11*p + 4306, 3*l - 3 = y. What are the prime factors of p?
3, 7, 41
Let c(u) = 5*u**2 + 15*u - 12. Let h be c(-11). Let y(b) = b**2 - 6*b + 9. Let k be y(5). Suppose 0*n - h = -k